?
5
Let x(q) = -q + 0 + 6 + 1 + 0. What is the units digit of x(5)?
2
Let q(k) = 2*k**2 - 6*k + 18. What is the tens digit of q(4)?
2
Suppose -x - 27 = -4*x. What is the units digit of x?
9
Suppose 0*g + 68 = 4*g + 5*o, -8 = g - 5*o. Suppose -5*y + y = -g. What is the units digit of y?
3
Let n(v) = 9*v - 3. Let p be n(2). Let h = p + -11. Suppose -h*k = -15 - 25. What is the tens digit of k?
1
Let r(d) = 63*d - 1. What is the units digit of r(1)?
2
Suppose 3*g = -b + 10, -b + 4*b = 5*g + 58. What is the tens digit of b?
1
Let b(q) = q**2 + 3*q + 4. Let m be b(-3). Suppose -3*p = -2*p - 2*r - m, -2*r + 6 = 0. What is the tens digit of p?
1
Suppose 6*s = 20*s - 546. What is the units digit of s?
9
What is the units digit of 2/7 + 68/7?
0
Let g(f) = -161*f - 11. What is the tens digit of g(-2)?
1
Suppose -3*n + j + 234 = -j, -3*n = -3*j - 237. What is the units digit of n?
6
Let l(x) = x**3 - 5*x**2 + 3*x - 5. Let d = 0 - -10. Suppose -5*n = 3*w - 0 + d, 5*w - 30 = n. What is the tens digit of l(w)?
1
Let r(t) = -t + 4. Let s be r(2). Suppose 42 = u + s*u. What is the tens digit of u?
1
Let r = 6 + -3. Suppose 5*f + 4*h - 33 = 57, -r*f - 5*h = -54. What is the units digit of f?
8
Let t be 2/4*8/2. Suppose a - 12 = -4*m - 52, -a = t*m + 36. Let q = 48 + a. What is the tens digit of q?
1
Let j = 4 - 3. Let n = -1 + j. Suppose -5*c - w + 65 = n, 0*w = c - w - 13. What is the tens digit of c?
1
Suppose 3*t - 2 = 2*z + 9, 10 = 2*t. What is the units digit of 15 - (z + 2)/(-4)?
6
Let u(v) = 3*v + 2. Suppose -4*x - 4 = -5*k, -2*k + 4*x + 4 = -0*k. Suppose -4*t + 3*z + k*z = -2, -2*t + 5*z = 6. What is the units digit of u(t)?
8
Let h(q) = -2*q + 4 + 1 + 4. Let m be h(6). Let j = 7 + m. What is the units digit of j?
4
Let o(n) = n**2 - 11*n + 13. Let c be o(10). Suppose 0 = 3*v + c*t - 13 - 17, 4*t = -2*v + 30. Suppose -3 + 38 = v*g. What is the units digit of g?
7
Let a(d) = 2*d**2 - 5*d + 4. What is the tens digit of a(6)?
4
Let u(f) be the third derivative of f**6/60 + f**5/60 - 2*f**2. What is the units digit of u(2)?
0
Let q(x) = 6*x - 1. What is the units digit of q(10)?
9
Suppose 42 = 3*b - 153. Suppose b = 5*l - 0*l. What is the units digit of l?
3
Let a = -48 + 80. What is the tens digit of a?
3
Let n = -152 + 237. What is the tens digit of n?
8
Let u = -133 - -235. Suppose b + 84 = 5*b + 2*t, 5*b + 4*t - u = 0. What is the units digit of b?
2
Let v = -44 - -24. What is the units digit of ((-12)/(-30))/((-1)/v)?
8
Suppose x + x - 30 = 0. Suppose 3*b - x = 9. What is the units digit of b?
8
Suppose 3*m - 12 = 2*t, -3*m + t + 0 = -9. What is the units digit of m?
2
Let y be 1/2 + (-66)/4. Let f = y + 22. What is the units digit of 5/((-15)/f) + 5?
3
Let b(g) = -14*g - 1. Suppose -2*t + 0 = 2. What is the tens digit of b(t)?
1
Let v(h) = h**2 - 7*h + 65. What is the hundreds digit of v(15)?
1
Let w be 0 + 7 - (-3 + 5). Suppose -k - k + 48 = -w*a, 5*k + 3*a - 58 = 0. What is the units digit of k?
4
Suppose 0 = n - w - 0 - 1, 0 = n - 3*w - 3. Suppose 4*t - 5*d + 8 = n, 9 = -3*t + 2*t + 3*d. What is the units digit of t?
3
Let p(m) = 3*m + 1. Let i be p(-2). Let h = i + 11. What is the units digit of h?
6
Let k(a) = a + 4. Let o be k(-4). Let s(u) = -u**2 + 5. Let m be s(o). Suppose -m = -4*b - 1. What is the units digit of b?
1
Let q = -4 + 7. Suppose -30 = -q*t + 42. Suppose m - t = -2*v + 5*m, -v + 16 = -4*m. What is the units digit of v?
8
Suppose -37 - 33 = 5*w + 5*f, 0 = -3*w + 3*f - 30. Let o(v) = v**3 + 13*v**2 + 12*v + 11. What is the tens digit of o(w)?
1
Suppose 0*m - 92 = -4*m. Suppose 3*x - m = 1. What is the units digit of x?
8
What is the units digit of (-1916)/(-11) - 8/44?
4
Let n(k) = -k + 7. Let x be (-9)/(-3 + (-9)/(-2)). What is the tens digit of n(x)?
1
Suppose 3*f - o = -0*o + 107, 5*f + o - 165 = 0. What is the units digit of f?
4
Let n(v) = 3*v. Let h be n(-3). Suppose 0*d = -4*d - 24. Let t = d - h. What is the units digit of t?
3
Suppose 2*r - 26 = 24. What is the tens digit of r?
2
What is the hundreds digit of (-58)/(-29) - 267*-1?
2
Suppose 4*y - m + 4 = 17, 0 = 4*m - 12. Let s be (1*-13)/(y - 3). Let f = s + 18. What is the units digit of f?
5
Let f = 69 + -34. What is the tens digit of f?
3
Let b(d) = d**3 + 7 + d**2 + 2*d**2 - 4 + 3*d. What is the units digit of b(-2)?
1
Let r = -11 - -61. Suppose r = 5*v - 15. What is the tens digit of v?
1
What is the tens digit of (-6 - (3 + -7)) + 32?
3
Let b(v) = 8*v**3 - 2*v**2 + 1. Let t be b(1). Suppose -t*h + 35 = -2*h. What is the units digit of 77/h - 1*2?
9
Let a(h) = -7*h + 3. Let n(u) be the third derivative of u**4/3 - 2*u**3/3 - u**2. Let v(w) = 7*a(w) + 6*n(w). What is the units digit of v(-4)?
1
Let u = -8 - -12. Let y = 3 + u. What is the units digit of y?
7
Suppose -2*m - 2*m = -636. What is the units digit of m?
9
Let o be (8/6)/((-4)/18). Let n = o + 8. What is the units digit of n/7 - 15/(-21)?
1
Suppose 5*z - 25 = -0. Suppose -5*j + 18 = -z*v - 27, 0 = 2*j - v - 13. What is the units digit of j?
4
Suppose 4 = -4*n + a + 47, -4*n + 4*a = -52. Let j = n + -6. What is the units digit of j?
4
Let q be (-3)/(-9) + (-132)/(-9). Suppose -5*p + q + 15 = 0. What is the units digit of p?
6
What is the tens digit of (-1)/9 + (-2056)/(-36)?
5
Suppose 2*o = -0*v + 5*v - 194, -3*v = 2*o - 110. What is the tens digit of v?
3
Suppose 4*n - 48 = 4*d, 4*n - 2*d + 24 = 80. Let t = n - 10. What is the units digit of t?
6
Let m = -9 + 11. Suppose 4*u = -4*a + 16, 3*u - 6*a = -m*a - 2. What is the units digit of u?
2
Let j(i) = -5*i + 13. What is the tens digit of j(-6)?
4
Suppose 4*r + 5*o = 805, r - 5*o = -o + 175. What is the units digit of r?
5
Let k be (-26 - 0)/(-10 - -8). Suppose -11*u + k*u = 72. What is the units digit of u?
6
Let g(b) = -2. Let o(q) = -8. Let z(h) = -22*g(h) + 6*o(h). Let v(d) = -d + 4. Let l(r) = -4*v(r) - 3*z(r). What is the tens digit of l(4)?
1
Suppose -3*v + 7 = -14. Suppose 2*g = v*g. Let w = 9 + g. What is the units digit of w?
9
Let o(j) = 3*j**2 - j - 2. Let i be ((-6)/4)/(3/(-4)). Let l be o(i). Suppose 0 = 2*b - 2 - l. What is the units digit of b?
5
Let f(m) = 3*m + 4. Let n be f(-3). Let r be (n - -1)*1/(-2). Suppose -4*y + 4 = -r*y. What is the units digit of y?
2
Let g(f) = f**3 + 6*f**2 + f + 6. Let h be g(-6). Suppose h*p = -2*p - 8. What is the units digit of (-4 + 2)*p/4?
2
Suppose 4*y = -0*c + 3*c - 14, 0 = -2*c - 3*y - 2. Suppose -7*i + 15 = -c*i. Suppose i*o + 21 = 5*o - 5*v, -5 = 5*v. What is the units digit of o?
8
Suppose 0 = -10*h + 170 + 1450. What is the units digit of h?
2
Let v(l) = l + 8. Let t be v(0). Suppose t*g - 4*g = 0. Suppose 8*p - 3*p - 10 = g. What is the units digit of p?
2
Suppose -3*a + 69 = -81. What is the units digit of a?
0
Let m(d) = 20*d - 17. What is the units digit of m(8)?
3
Suppose -2*z = -z. Let t = -35 + 63. Suppose z*a = -4*a + t. What is the units digit of a?
7
Let n(a) = -4*a**3 - a**2 + a - 2. What is the units digit of n(-2)?
4
Suppose -11*u + 950 = -u. What is the units digit of u?
5
Let p = 51 - 32. What is the tens digit of p?
1
Let p = -5 - 3. What is the units digit of (-252)/p*(-4)/(-6)?
1
Let j = 362 - 199. What is the units digit of j?
3
Suppose 3*a = -2*w - 40, -5*a - 43 = 2*w + 25. What is the units digit of (-22)/(-18) + a/63?
1
Suppose 4*h - 6 = -2. Let m(c) = c**2 + c. Let a be m(h). Suppose 16 = a*x - 24. What is the tens digit of x?
2
Let i be (0 - 2)/2*-5. Let f(n) = n**3 - 3*n**2 - 7*n + 6. What is the tens digit of f(i)?
2
Let o = 8 + -13. Let s(i) = -8*i - 6. What is the units digit of s(o)?
4
What is the units digit of (-132)/24*(-8 + 0)?
4
Let j = 3 - 1. Suppose 5*w + 3*y - 10 = -j*y, 2*w = y - 8. What is the units digit of 0 - (w - (0 - 1))?
1
Let j(n) = 9*n - 1. Let r be j(1). Let p(m) = -11*m**2 - 15*m - 11. Let z(q) = 7*q**2 + 10*q + 7. Let y(c) = r*z(c) + 5*p(c). What is the units digit of y(-6)?
7
Suppose 2*d - 8 = 6*d. Let h be (-3)/d*4/2. What is the units digit of 3/(-2)*(-14)/h?
7
Suppose -8 = -2*v + h, 0 = 5*v - 4*h - 25 + 8. Let l = 8 - v. What is the tens digit of (4 + -1)/l - -10?
1
Suppose -3*h - 51 = -0*h. Let c(n) = n**2 - 7*n + 9. Let a be c(9). Let f = h + a. What is the tens digit of f?
1
Suppose -6*k + 156 = -2*k. What is the tens digit of k?
3
Let f 